isor of 481 and q.
13
Suppose 0 = 426*y - 377*y - 51940. Calculate the highest common factor of y and 2491.
53
Let q(x) = x**3 - 5*x**2 - 4. Let i be q(6). Suppose 5*a = -p + 4*p + i, 3*a = p + 16. Let v = 8263 - 8259. What is the highest common factor of v and a?
4
Let v be 652/4 + 1368/(-76). Calculate the highest common factor of 6699 and v.
29
Suppose 4*a + 312 = 4*b, 2*a = -b + 7*a + 66. What is the greatest common factor of 1026 and b?
27
Let y be -5 + -3 - (45/3 + -177). Calculate the highest common divisor of y and 350.
14
Let s = -222 - -529. Let r = 472 - s. Suppose -220*h - 198*h + 404*h = -210. What is the highest common factor of r and h?
15
Let y(q) = -1033*q - 6573. Let b be y(-7). What is the greatest common divisor of 18753 and b?
329
Suppose -16 + 448 = 3*a. Let o = 304 - 286. What is the highest common factor of o and a?
18
Suppose -92363 = 5*a - 11*a - 25757. What is the highest common divisor of 17 and a?
17
Let v be (28/(-980)*28)/((-2)/280). Calculate the highest common divisor of v and 532.
28
Let z(i) = 10*i**2 + 48*i + 84. Let n be z(-2). What is the greatest common divisor of 1526 and n?
14
Let q be (17812/(-219))/(2/(-3)). Suppose 7*b - 25 - q = 0. Calculate the greatest common factor of 567 and b.
21
Let l be (4*9/(-252) + (-236)/14)*-7. Calculate the highest common divisor of l and 721.
7
Let i(a) = -a**3 - 7*a**2 - 5*a + 13. Suppose 8*m = 5*m - 12. Let c be (m - -12)*(0 + -1). Let n be i(c). What is the greatest common divisor of 39 and n?
39
Let t = 564 + -583. Let p(b) = -15*b - 279. Let w be p(t). Calculate the greatest common divisor of w and 294.
6
Let k(r) = -219*r + 2532. Let p be k(9). What is the greatest common factor of p and 408?
51
Let f(n) = n**2 + 5*n - 199. Let v be f(12). Let w be (-12)/(-7)*(9 - 2). Let z = w - -3. Calculate the greatest common divisor of z and v.
5
Let r = 11443 + -3084. Calculate the highest common factor of r and 39.
13
Let g be (210/(-28))/(9/(-6)). Let l(o) = -o**3 - 4*o**2 - 2*o + 3. Let f be l(-5). Suppose -g*a + f = -37. Calculate the greatest common factor of a and 5.
5
Let d be 25/(-10)*2 + 24 + 6. What is the highest common factor of 1825 and d?
25
Let n be ((-147)/(-17))/3 - 14/(-119). Let d be (-7)/(-7) + 3*1/n. What is the greatest common factor of 6 and d?
2
Let j be (-4)/5 - 115984/220. Let p = -480 - j. What is the greatest common factor of p and 168?
24
Let l = 4165 - 4114. What is the highest common factor of 969 and l?
51
Let l(x) = 4*x**2 - 10*x + 19. Let v be l(2). Suppose v*t = -t + 736. Calculate the greatest common divisor of t and 23.
23
Let b = -126 + 122. Let a = 5 - b. Suppose -5*n = -n - 36. What is the highest common factor of n and a?
9
Suppose -988 + 229 = -65*q + 1126. Calculate the greatest common divisor of q and 3799.
29
Suppose -25*b = -21*b - 4*r - 1760, -r - 1322 = -3*b. What is the highest common divisor of b and 333?
9
Let t = 3033 + -866. Calculate the greatest common divisor of t and 99.
11
Suppose 15*p = 23*p - 10216. Suppose p + 1237 = 3*r. Suppose 4*f - 2*w + 4*w - r = 0, 4*f + w - 833 = 0. Calculate the greatest common factor of f and 23.
23
Suppose -91*i + 694 + 303 + 95 = 0. Let p be (-24)/(-9)*(-21)/(-4). Let y be 15*(p/5 - 2). Calculate the highest common divisor of i and y.
12
Let k(l) = 2*l**3 - 17*l**2 - 28*l - 5. Let p be k(10). Let s be (-150)/35*(-6 + -1). What is the highest common factor of p and s?
15
Let h = -9190 - -9197. Calculate the highest common divisor of 1729 and h.
7
Suppose -5138 + 2129 = -14*s + 19447. Calculate the highest common divisor of s and 4.
4
Let w(t) = 2*t**3 + 119*t**2 + 63*t + 559. Let x be w(-59). What is the highest common factor of x and 391?
17
Let a(w) = 2*w - 36. Suppose 3*n + 0*n - 57 = 0. Let d be a(n). Suppose 36 = d*o + o. What is the highest common factor of o and 24?
12
Let a(q) = -q**2 - 222*q - 10659. Let m be a(-73). Calculate the highest common divisor of m and 14.
2
Suppose -158*w + 74221 = -22511 + 12676. What is the highest common divisor of 308 and w?
28
Suppose 25*b - 562 = 20*b + 4*i, 2*i = 2*b - 226. What is the highest common divisor of 290 and b?
10
Let q be -4*(0 - 3/6). Suppose -4*k + 3*z - 26 = 0, -q*k - 6 - 6 = -2*z. Let t = 5 - k. What is the greatest common divisor of t and 143?
13
Suppose 11*b - 53 = 376. Suppose -q - 57 = 18*s - 20*s, -s + 4*q = -b. What is the greatest common factor of 36 and s?
9
Suppose -3*a - 362 = -5*w, 5*a - 7*a - 241 = -3*w. Let b = a - -123. Calculate the highest common factor of 9 and b.
1
Let o be ((-9)/(-3) + 22/(-6))*-18. Suppose o*h = 80 + 352. Suppose -5*j + 3*f = -h, -2*f - 4 + 0 = 0. Calculate the greatest common factor of j and 102.
6
Suppose 0 = 131*u - 2570 - 3680 + 355. What is the highest common divisor of u and 1053?
9
Suppose -146*d - 7*d + 16524 = 0. What is the greatest common divisor of 3348 and d?
108
Let u be (324/48 + -3)/(9/84). Let n(q) = -4*q**3 + 2*q**2 + 2*q + 1. Let f be n(-1). Calculate the highest common factor of f and u.
5
Let v be 1/(-6) + 2890/60. Let s(n) = -n**2 + 16*n - 36. Let x be s(13). Let m be ((-96)/(-9))/((-8)/(-36)*x). What is the highest common divisor of v and m?
16
Let q be (-30)/20 - (-90)/4. Suppose 24 = 5*d - q. Let m = 221 + -122. What is the highest common factor of d and m?
9
Suppose 68060 = 101*q - 18*q. Calculate the greatest common divisor of q and 41.
41
Let t be (-5)/3 + (-1)/((-15)/625). Suppose 3687 + 2313 = t*h. Let p(s) = 5*s**2 - 3*s - 4. Let z be p(-3). What is the highest common divisor of z and h?
50
Let b(y) = -46*y + 37. Let a be b(-3). Suppose -4*c - 5*k + 244 = -450, 0 = -c - 2*k + a. What is the greatest common divisor of c and 9?
9
Suppose -2*v - 3 = 5*i + 10, i + 4 = v. Let f be v/(-12) + 36309/252. Let k(z) = 2*z + 6. Let d be k(6). What is the highest common divisor of d and f?
18
Suppose 202*k - 206*k + 8 = 2*h, 2*h - 4*k = 0. Suppose o = 1 + 3. Suppose 0*t - o*t = f - 11, t - 2*f + 4 = 0. What is the greatest common factor of t and h?
2
Let k = 13757 + -10704. What is the highest common factor of 71 and k?
71
Suppose -106 = -2*a + 44. Suppose 2*w + 3*k - a = 0, -2*k + 130 = 4*w - 0*k. Let b be (1 - 4)*(-14 - -4). What is the greatest common divisor of b and w?
30
Let v = 21 + -4. Suppose -2612*y = -2643*y + 1054. Calculate the greatest common factor of v and y.
17
Suppose 0 = 3*d - 5*r - 141, 5*d - 2*r - 39 - 215 = 0. Let i(x) = -158*x + 840. Let g be i(4). What is the greatest common divisor of d and g?
52
Let o be (-190)/6*(-570780)/525. Calculate the greatest common factor of o and 57.
57
Let l(f) = -2*f - 28. Let m(p) = p + 27. Let i(y) = 3*l(y) + 4*m(y). Let s be i(10). Suppose -s*o + 22 = -22. Calculate the highest common divisor of o and 121.
11
Suppose 0 = -0*x - 2*x. Suppose x*i + 8 = 2*i. Suppose 0 = 4*o, -3 = 5*l - 3*o - 13. Calculate the highest common factor of l and i.
2
Suppose 151*o - 404 - 1257 = 0. What is the highest common divisor of o and 253?
11
Let x = -1197 - -2270. Let f(g) = 4*g**2 + 19*g + 7. Let l be f(-6). Calculate the greatest common divisor of l and x.
37
Let v(y) = -y + 2. Let b be v(6). Let o be 60/(-10)*(-1)/b*2. Let s be 90/(-20)*4/o. Calculate the greatest common factor of 30 and s.
6
Suppose 4*p - 6714 = -5*p. Let x = -428 + p. What is the highest common divisor of x and 6?
6
Suppose -5*t - 3*a = -1508, -3*t = 4*a - 430 - 466. Suppose 0 = 2*o + 4*i - 60, 4*i = 5*o + 84 - t. What is the greatest common factor of o and 8?
8
Suppose 3*k = -9*o - 1828 + 2218, -o + 35 = 2*k. Let g = 5 - 0. Calculate the greatest common factor of o and g.
5
Let q(b) = -b**2 + 6*b + 1. Let x be q(5). Let r = 70711 + -70708. Calculate the greatest common divisor of x and r.
3
Let k be (2 + -2 - 68)/(-1). Let b = k + -48. Suppose 3*i = -2*c + 34, 4*i - 2*c - 56 = -34. What is the greatest common divisor of i and b?
4
Suppose -3 = 2*t - 1. Let g be 14 + 1 - t/(2/(-6)). Let s be 740/24 - (-2)/g. What is the highest common divisor of 217 and s?
31
Let h = -270 - -369. Let i = 1272 - 1191. What is the highest common divisor of i and h?
9
Let u(z) = -z**2 + 5*z + 4. Let s be u(5). Suppose s*o - 304 = 3*v, 5 + 7 = -3*v. Suppose -5*f = -o + 43. Calculate the greatest common divisor of f and 24.
6
Let s = 47 + -57. Let w be ((-156)/(-30))/((-12)/s)*3. S